{"id":71,"date":"2020-12-01T14:36:35","date_gmt":"2020-12-01T14:36:35","guid":{"rendered":"https:\/\/brunicocultura.bz.it\/cms\/?page_id=71"},"modified":"2024-01-04T12:11:52","modified_gmt":"2024-01-04T12:11:52","slug":"chi-siamo","status":"publish","type":"page","link":"https:\/\/brunicocultura.bz.it\/?page_id=71","title":{"rendered":"Chi siamo"},"content":{"rendered":"<h3 id=\"comitato-per-l\u2019educazione-permanente-in-lingua-italiana\">Comitato per l\u2019Educazione Permanente in lingua italiana<\/h3>\n<p><img loading=\"lazy\" decoding=\"async\" class=\"alignleft size-medium wp-image-72\" src=\"https:\/\/brunicocultura.bz.it\/wp-content\/uploads\/2020\/12\/chi_siamo-300x199.jpg\" alt=\"\" width=\"300\" height=\"199\" srcset=\"https:\/\/brunicocultura.bz.it\/wp-content\/uploads\/2020\/12\/chi_siamo-300x199.jpg 300w, https:\/\/brunicocultura.bz.it\/wp-content\/uploads\/2020\/12\/chi_siamo-391x260.jpg 391w, https:\/\/brunicocultura.bz.it\/wp-content\/uploads\/2020\/12\/chi_siamo.jpg 500w\" sizes=\"auto, (max-width: 300px) 100vw, 300px\" \/><\/p>\n<p>Il\u00a0<strong>Comitato per l&#8217;educazione permanente<\/strong> si \u00e8 costituito a Brunico il 18 settembre 2018 per iniziativa di sette associazioni cittadine con il supporto dell\u2019Assessorato provinciale alla cultura in lingua italiana. Ne fanno inoltre parte di diritto l\u2019Istituto Pluricomprensivo, la Biblioteca Civica ed il Comune di Brunico. Il Comitato persegue primariamente finalit\u00e0 culturali e sociali attraverso il coordinamento e la promozione di iniziative nel proprio bacino di competenza. La sua funzione \u00e8 quella di organizzare e coordinare eventi culturali, occasioni di formazione e di promuovere la collaborazione tra le associazioni culturali e ricreative in lingua italiana di Brunico che ne condividono i principi e le finalit\u00e0. Il consiglio direttivo \u00e8 attualmente cos\u00ec composto: Marco Pellizzari &#8211; presidente (il Telaio), Fabian Fistill &#8211; vicepresidente (Filosofia Futura), Renato Stancher &#8211; cassiere, Matteo Da Col (ARCI \u2013 Diverkstatt), Renzo Bordin (ANA), Marco Mattiato (CAI), Antonio Bovenzi (Vicesindaco di Brunico), Sonja Hartner (Direttrice della Biblioteca Civica), Maria Antonietta Manciavillano (FCS), Maria Grazia Orsan (UPAD), Giusy Santo (Dirigente dell\u2019Istituto Pluricomprensivo).<\/p>\n<p><em>Sede:<\/em>\u00a0<strong>Piazza Municipio, 1 &#8211; 39031 BRUNICO (BZ)<\/strong><\/p>\n<p><em>e-mail:<\/em>\u00a0<a class=\"mailto\" href=\"mailto:info@brunicocultura.it\">info@brunicocultura.bz.it<\/a><\/p>\n","protected":false},"excerpt":{"rendered":"<p>Comitato per l\u2019Educazione Permanente in lingua italiana Il\u00a0Comitato per l&#8217;educazione permanente si \u00e8 costituito a Brunico il 18 settembre 2018<\/p>\n","protected":false},"author":1,"featured_media":0,"parent":0,"menu_order":0,"comment_status":"closed","ping_status":"closed","template":"page-templates\/page-builder.php","meta":{"colormag_page_container_layout":"default_layout","colormag_page_sidebar_layout":"default_layout","footnotes":""},"categories":[],"tags":[],"class_list":["post-71","page","type-page","status-publish","hentry"],"_links":{"self":[{"href":"https:\/\/brunicocultura.bz.it\/index.php?rest_route=\/wp\/v2\/pages\/71","targetHints":{"allow":["GET"]}}],"collection":[{"href":"https:\/\/brunicocultura.bz.it\/index.php?rest_route=\/wp\/v2\/pages"}],"about":[{"href":"https:\/\/brunicocultura.bz.it\/index.php?rest_route=\/wp\/v2\/types\/page"}],"author":[{"embeddable":true,"href":"https:\/\/brunicocultura.bz.it\/index.php?rest_route=\/wp\/v2\/users\/1"}],"replies":[{"embeddable":true,"href":"https:\/\/brunicocultura.bz.it\/index.php?rest_route=%2Fwp%2Fv2%2Fcomments&post=71"}],"version-history":[{"count":0,"href":"https:\/\/brunicocultura.bz.it\/index.php?rest_route=\/wp\/v2\/pages\/71\/revisions"}],"wp:attachment":[{"href":"https:\/\/brunicocultura.bz.it\/index.php?rest_route=%2Fwp%2Fv2%2Fmedia&parent=71"}],"wp:term":[{"taxonomy":"category","embeddable":true,"href":"https:\/\/brunicocultura.bz.it\/index.php?rest_route=%2Fwp%2Fv2%2Fcategories&post=71"},{"taxonomy":"post_tag","embeddable":true,"href":"https:\/\/brunicocultura.bz.it\/index.php?rest_route=%2Fwp%2Fv2%2Ftags&post=71"}],"curies":[{"name":"wp","href":"https:\/\/api.w.org\/{rel}","templated":true}]}}

<h3 id="comitato-per-l’educazione-permanente-in-lingua-italiana">Comitato per l’Educazione Permanente in lingua italiana</h3>
<p><img loading="lazy" decoding="async" class="alignleft size-medium wp-image-72" src="https://brunicocultura.bz.it/wp-content/uploads/2020/12/chi_siamo-300x199.jpg" alt="" width="300" height="199" srcset="https://brunicocultura.bz.it/wp-content/uploads/2020/12/chi_siamo-300x199.jpg 300w, https://brunicocultura.bz.it/wp-content/uploads/2020/12/chi_siamo-391x260.jpg 391w, https://brunicocultura.bz.it/wp-content/uploads/2020/12/chi_siamo.jpg 500w" sizes="auto, (max-width: 300px) 100vw, 300px" /></p>
<p>Il <strong>Comitato per l&#8217;educazione permanente</strong> si è costituito a Brunico il 18 settembre 2018 per iniziativa di sette associazioni cittadine con il supporto dell’Assessorato provinciale alla cultura in lingua italiana. Ne fanno inoltre parte di diritto l’Istituto Pluricomprensivo, la Biblioteca Civica ed il Comune di Brunico. Il Comitato persegue primariamente finalità culturali e sociali attraverso il coordinamento e la promozione di iniziative nel proprio bacino di competenza. La sua funzione è quella di organizzare e coordinare eventi culturali, occasioni di formazione e di promuovere la collaborazione tra le associazioni culturali e ricreative in lingua italiana di Brunico che ne condividono i principi e le finalità. Il consiglio direttivo è attualmente così composto: Marco Pellizzari &#8211; presidente (il Telaio), Fabian Fistill &#8211; vicepresidente (Filosofia Futura), Renato Stancher &#8211; cassiere, Matteo Da Col (ARCI – Diverkstatt), Renzo Bordin (ANA), Marco Mattiato (CAI), Antonio Bovenzi (Vicesindaco di Brunico), Sonja Hartner (Direttrice della Biblioteca Civica), Maria Antonietta Manciavillano (FCS), Maria Grazia Orsan (UPAD), Giusy Santo (Dirigente dell’Istituto Pluricomprensivo).</p>
<p><em>Sede:</em> <strong>Piazza Municipio, 1 &#8211; 39031 BRUNICO (BZ)</strong></p>
<p><em>e-mail:</em> <a class="mailto" href="mailto:info@brunicocultura.it">info@brunicocultura.bz.it</a></p>

<p>Comitato per l’Educazione Permanente in lingua italiana Il Comitato per l&#8217;educazione permanente si è costituito a Brunico il 18 settembre 2018</p>
