{"id":3371,"date":"2025-12-17T17:13:18","date_gmt":"2025-12-17T16:13:18","guid":{"rendered":"https:\/\/brunicocultura.bz.it\/?page_id=3371"},"modified":"2025-12-17T17:39:21","modified_gmt":"2025-12-17T16:39:21","slug":"unione-sportiva-brunico","status":"publish","type":"page","link":"https:\/\/brunicocultura.bz.it\/?page_id=3371","title":{"rendered":"UNIONE SPORTIVA BRUNICO"},"content":{"rendered":"<p><img loading=\"lazy\" decoding=\"async\" class=\"alignleft size-medium wp-image-600\" src=\"https:\/\/brunicocultura.bz.it\/wp-content\/uploads\/2021\/08\/Logo_US_Brunico-300x280.jpg\" alt=\"\" width=\"300\" height=\"280\" srcset=\"https:\/\/brunicocultura.bz.it\/wp-content\/uploads\/2021\/08\/Logo_US_Brunico-300x280.jpg 300w, https:\/\/brunicocultura.bz.it\/wp-content\/uploads\/2021\/08\/Logo_US_Brunico.jpg 383w\" sizes=\"auto, (max-width: 300px) 100vw, 300px\" \/><\/p>\n<p>&nbsp;<\/p>\n<p>&nbsp;<\/p>\n<p>&nbsp;<\/p>\n<p>&nbsp;<\/p>\n<p>&nbsp;<\/p>\n<p>&nbsp;<\/p>\n<p>&nbsp;<\/p>\n<p>&nbsp;<\/p>\n<p>La prima Assemblea Ordinaria dei Soci viene convocata il 12 novembre 1966 e da questa data l&#8217;Unione Sportiva Brunico \u00a0inizia ufficialmente la sua attivit\u00e0.<\/p>\n<p>Il periodo 1966 &#8211; 1972, denominato &#8220;anni verdi&#8221;, vede la costituzione e l&#8217; avvio della attivit\u00e0\u00a0 della nuova Associazione che lavora unitamente al Circolo ACLI di Brunico e raggiunge\u00a0 indiscussi traguardi agonistici\u00a0 ed organizzativi.\u00a0 Gi\u00e0 nel 1966 la rappresentativa\u00a0 dell&#8217; US Brunico ottiene lusinghieri risultati partecipando ai vari Campionati ACLI di sci provinciali (Bressanone &#8211; Plose) interregionali (Sappada) e nazionali (Terminillo).\u00a0E&#8217; anche l&#8217;anno in cui nasce la squadra di atletica leggera e viene disputata la prima gara ciclistica Stegona &#8211; Falzes.<\/p>\n<p>Nel marzo 1969 l&#8217; US ACLI Brunico organizza i VII campionati Nazionali di sci alpino e di fondo delle Associazioni Sportive affiliate alle ACLI. Lo sforzo organizzativo \u00e8 ripagato da brillantissimi risultati individuali degli atleti di casa che permettono la conquista del primo posto tra le rappresentative &#8220;valligiane&#8221;. Gli atleti dell&#8217; US Brunico ottengono importanti risultati anche nella manifestazione &#8220;Amici del Fondo &#8211; Coppa Martini&#8221; all&#8217; inizio degli anni settanta organizzata sempre dal sodalizio brunicense che si distingue particolarmente nel marzo del 1972 riuscendo ad organizzare le gare di fondo valide per i Giochi della Giovent\u00f9 (assegnati da CONI e FISI) anche in quasi totale assenza di neve.<\/p>\n<p>L&#8217; Assemblea ordinaria del 28 ottobre 1972 approva la proposta del Direttivo di distaccarsi dal Circolo ACLI raggiungendo cos\u00ec, con la modifica dello Statuto Sociale, la completa \u00a0autonomia\u00a0 finanziaria e gestionale dell&#8217;Associazione a partire da 1 gennaio 1973. Diventati indipendenti \u00e8 stato possibile accedere ai finanziamenti pubblici che permettono una certa tranquillit\u00e0 economica e soprattutto una pi\u00f9 idonea struttura tecnica ed organizzativa a sostegno degli impegni\u00a0 nel campo della promozione dello sci di fondo e sopratutto del ciclismo che ha avuto grandi soddisfazioni.<\/p>\n<p><em>Sede:<\/em> <strong>Via Vecchia 6 (Casa delle Associazioni) 39031 Brunico (BZ)<\/strong><\/p>\n<p><a href=\"https:\/\/usbrunico.it\/\"><span style=\"color: #0000ff;\">https:\/\/usbrunico.it\/<\/span><\/a><\/p>\n<p><span style=\"color: #0000ff;\"><span style=\"color: #000000;\"><em>e-mail:<\/em><\/span> <a style=\"color: #0000ff;\" href=\"mailto:info@usbrunico.it\">info@usbrunico.it<\/a> &#8211; <span style=\"color: #000000;\"><em>PEC:<\/em><\/span> <a style=\"color: #0000ff;\" href=\"mailto:usbrunico@pec.it\">usbrunico@pec.it<\/a><\/span><\/p>\n","protected":false},"excerpt":{"rendered":"<p>&nbsp; &nbsp; &nbsp; &nbsp; &nbsp; &nbsp; &nbsp; &nbsp; La prima Assemblea Ordinaria dei Soci viene convocata il 12 novembre 1966<\/p>\n","protected":false},"author":2,"featured_media":0,"parent":0,"menu_order":0,"comment_status":"closed","ping_status":"closed","template":"","meta":{"colormag_page_container_layout":"default_layout","colormag_page_sidebar_layout":"default_layout","footnotes":""},"categories":[],"tags":[],"class_list":["post-3371","page","type-page","status-publish","hentry"],"_links":{"self":[{"href":"https:\/\/brunicocultura.bz.it\/index.php?rest_route=\/wp\/v2\/pages\/3371","targetHints":{"allow":["GET"]}}],"collection":[{"href":"https:\/\/brunicocultura.bz.it\/index.php?rest_route=\/wp\/v2\/pages"}],"about":[{"href":"https:\/\/brunicocultura.bz.it\/index.php?rest_route=\/wp\/v2\/types\/page"}],"author":[{"embeddable":true,"href":"https:\/\/brunicocultura.bz.it\/index.php?rest_route=\/wp\/v2\/users\/2"}],"replies":[{"embeddable":true,"href":"https:\/\/brunicocultura.bz.it\/index.php?rest_route=%2Fwp%2Fv2%2Fcomments&post=3371"}],"version-history":[{"count":2,"href":"https:\/\/brunicocultura.bz.it\/index.php?rest_route=\/wp\/v2\/pages\/3371\/revisions"}],"predecessor-version":[{"id":3375,"href":"https:\/\/brunicocultura.bz.it\/index.php?rest_route=\/wp\/v2\/pages\/3371\/revisions\/3375"}],"wp:attachment":[{"href":"https:\/\/brunicocultura.bz.it\/index.php?rest_route=%2Fwp%2Fv2%2Fmedia&parent=3371"}],"wp:term":[{"taxonomy":"category","embeddable":true,"href":"https:\/\/brunicocultura.bz.it\/index.php?rest_route=%2Fwp%2Fv2%2Fcategories&post=3371"},{"taxonomy":"post_tag","embeddable":true,"href":"https:\/\/brunicocultura.bz.it\/index.php?rest_route=%2Fwp%2Fv2%2Ftags&post=3371"}],"curies":[{"name":"wp","href":"https:\/\/api.w.org\/{rel}","templated":true}]}}

<p><img loading="lazy" decoding="async" class="alignleft size-medium wp-image-600" src="https://brunicocultura.bz.it/wp-content/uploads/2021/08/Logo_US_Brunico-300x280.jpg" alt="" width="300" height="280" srcset="https://brunicocultura.bz.it/wp-content/uploads/2021/08/Logo_US_Brunico-300x280.jpg 300w, https://brunicocultura.bz.it/wp-content/uploads/2021/08/Logo_US_Brunico.jpg 383w" sizes="auto, (max-width: 300px) 100vw, 300px" /></p>
<p>&nbsp;</p>
<p>&nbsp;</p>
<p>&nbsp;</p>
<p>&nbsp;</p>
<p>&nbsp;</p>
<p>&nbsp;</p>
<p>&nbsp;</p>
<p>&nbsp;</p>
<p>La prima Assemblea Ordinaria dei Soci viene convocata il 12 novembre 1966 e da questa data l&#8217;Unione Sportiva Brunico  inizia ufficialmente la sua attività.</p>
<p>Il periodo 1966 &#8211; 1972, denominato &#8220;anni verdi&#8221;, vede la costituzione e l&#8217; avvio della attività  della nuova Associazione che lavora unitamente al Circolo ACLI di Brunico e raggiunge  indiscussi traguardi agonistici  ed organizzativi.  Già nel 1966 la rappresentativa  dell&#8217; US Brunico ottiene lusinghieri risultati partecipando ai vari Campionati ACLI di sci provinciali (Bressanone &#8211; Plose) interregionali (Sappada) e nazionali (Terminillo). E&#8217; anche l&#8217;anno in cui nasce la squadra di atletica leggera e viene disputata la prima gara ciclistica Stegona &#8211; Falzes.</p>
<p>Nel marzo 1969 l&#8217; US ACLI Brunico organizza i VII campionati Nazionali di sci alpino e di fondo delle Associazioni Sportive affiliate alle ACLI. Lo sforzo organizzativo è ripagato da brillantissimi risultati individuali degli atleti di casa che permettono la conquista del primo posto tra le rappresentative &#8220;valligiane&#8221;. Gli atleti dell&#8217; US Brunico ottengono importanti risultati anche nella manifestazione &#8220;Amici del Fondo &#8211; Coppa Martini&#8221; all&#8217; inizio degli anni settanta organizzata sempre dal sodalizio brunicense che si distingue particolarmente nel marzo del 1972 riuscendo ad organizzare le gare di fondo valide per i Giochi della Gioventù (assegnati da CONI e FISI) anche in quasi totale assenza di neve.</p>
<p>L&#8217; Assemblea ordinaria del 28 ottobre 1972 approva la proposta del Direttivo di distaccarsi dal Circolo ACLI raggiungendo così, con la modifica dello Statuto Sociale, la completa  autonomia  finanziaria e gestionale dell&#8217;Associazione a partire da 1 gennaio 1973. Diventati indipendenti è stato possibile accedere ai finanziamenti pubblici che permettono una certa tranquillità economica e soprattutto una più idonea struttura tecnica ed organizzativa a sostegno degli impegni  nel campo della promozione dello sci di fondo e sopratutto del ciclismo che ha avuto grandi soddisfazioni.</p>
<p><em>Sede:</em> <strong>Via Vecchia 6 (Casa delle Associazioni) 39031 Brunico (BZ)</strong></p>
<p><a href="https://usbrunico.it/"><span style="color: #0000ff;">https://usbrunico.it/</span></a></p>
<p><span style="color: #0000ff;"><span style="color: #000000;"><em>e-mail:</em></span> <a style="color: #0000ff;" href="mailto:info@usbrunico.it">info@usbrunico.it</a> &#8211; <span style="color: #000000;"><em>PEC:</em></span> <a style="color: #0000ff;" href="mailto:usbrunico@pec.it">usbrunico@pec.it</a></span></p>
