{"id":1992,"date":"2024-06-04T15:55:32","date_gmt":"2024-06-04T15:55:32","guid":{"rendered":"https:\/\/brunicocultura.bz.it\/?post_type=mec-events&#038;p=1992"},"modified":"2024-07-05T07:37:43","modified_gmt":"2024-07-05T07:37:43","slug":"adunata-nazionale-degli-alpini-795-100-233-149-141-327-889-722","status":"publish","type":"mec-events","link":"https:\/\/brunicocultura.bz.it\/?mec-events=adunata-nazionale-degli-alpini-795-100-233-149-141-327-889-722","title":{"rendered":"Gr. A.N.A. di Brunico &#8211; Celebrazione"},"content":{"rendered":"<h4 style=\"text-align: center;\"><strong><span style=\"color: #ff0000;\"><i>Santa Messa per la commemorazione dei Defunti<\/i><\/span><\/strong><\/h4>\n<p style=\"text-align: left;\"><strong>Santa Messa a Gais<\/strong><\/p>\n<p>Davanti alla capellina del <strong>castello Neuhaus<\/strong> verr\u00e0 celebrata una S. Messa in ricordo dei Defunti.<\/p>\n<p>In considerazione della limitata possibilit\u00e0 di parcheggio si consiglia di raggiungere il castello a piedi.<\/p>\n<p>Al termine della celebrazione ci sar\u00e0 il pranzo, i posti disponibili sono circa 70, raggiunti i quali non sar\u00e0 pi\u00f9 possibile accogliere altre <strong>prenotazioni,<\/strong> che dovranno essere fatte via <strong>WhatsApp al nr. +39 3384910595 entro il 9 agosto 2024.<\/strong><\/p>\n<p style=\"text-align: center;\"><span style=\"text-decoration: underline;\"><span style=\"color: #ff0000;\"><strong>Seguiranno ulteriori informazioni<\/strong><\/span><\/span><\/p>\n<p>Per il programma dettagliato e\/o ulteriori informazioni consultare: <a href=\"https:\/\/www.gruppoalpinibrunico.it\/\"><span style=\"color: #0000ff;\"><strong>https:\/\/www.gruppoalpinibrunico.it\/<\/strong><\/span><\/a>.<\/p>\n","protected":false},"excerpt":{"rendered":"<p>Santa Messa per la commemorazione dei Defunti Santa Messa a Gais Davanti alla capellina del castello Neuhaus verr\u00e0 celebrata una<\/p>\n","protected":false},"author":2,"featured_media":0,"comment_status":"closed","ping_status":"closed","template":"","tags":[38,36,43,37],"mec_category":[155,7],"class_list":["post-1992","mec-events","type-mec-events","status-publish","hentry","tag-alpini","tag-ana","tag-celebrazione","tag-gr-brunico","mec_category-celebrazione","mec_category-sociale"],"_links":{"self":[{"href":"https:\/\/brunicocultura.bz.it\/index.php?rest_route=\/wp\/v2\/mec-events\/1992","targetHints":{"allow":["GET"]}}],"collection":[{"href":"https:\/\/brunicocultura.bz.it\/index.php?rest_route=\/wp\/v2\/mec-events"}],"about":[{"href":"https:\/\/brunicocultura.bz.it\/index.php?rest_route=\/wp\/v2\/types\/mec-events"}],"author":[{"embeddable":true,"href":"https:\/\/brunicocultura.bz.it\/index.php?rest_route=\/wp\/v2\/users\/2"}],"replies":[{"embeddable":true,"href":"https:\/\/brunicocultura.bz.it\/index.php?rest_route=%2Fwp%2Fv2%2Fcomments&post=1992"}],"version-history":[{"count":0,"href":"https:\/\/brunicocultura.bz.it\/index.php?rest_route=\/wp\/v2\/mec-events\/1992\/revisions"}],"wp:attachment":[{"href":"https:\/\/brunicocultura.bz.it\/index.php?rest_route=%2Fwp%2Fv2%2Fmedia&parent=1992"}],"wp:term":[{"taxonomy":"post_tag","embeddable":true,"href":"https:\/\/brunicocultura.bz.it\/index.php?rest_route=%2Fwp%2Fv2%2Ftags&post=1992"},{"taxonomy":"mec_category","embeddable":true,"href":"https:\/\/brunicocultura.bz.it\/index.php?rest_route=%2Fwp%2Fv2%2Fmec_category&post=1992"}],"curies":[{"name":"wp","href":"https:\/\/api.w.org\/{rel}","templated":true}]}}

<h4 style="text-align: center;"><strong><span style="color: #ff0000;"><i>Santa Messa per la commemorazione dei Defunti</i></span></strong></h4>
<p style="text-align: left;"><strong>Santa Messa a Gais</strong></p>
<p>Davanti alla capellina del <strong>castello Neuhaus</strong> verrà celebrata una S. Messa in ricordo dei Defunti.</p>
<p>In considerazione della limitata possibilità di parcheggio si consiglia di raggiungere il castello a piedi.</p>
<p>Al termine della celebrazione ci sarà il pranzo, i posti disponibili sono circa 70, raggiunti i quali non sarà più possibile accogliere altre <strong>prenotazioni,</strong> che dovranno essere fatte via <strong>WhatsApp al nr. +39 3384910595 entro il 9 agosto 2024.</strong></p>
<p style="text-align: center;"><span style="text-decoration: underline;"><span style="color: #ff0000;"><strong>Seguiranno ulteriori informazioni</strong></span></span></p>
<p>Per il programma dettagliato e/o ulteriori informazioni consultare: <a href="https://www.gruppoalpinibrunico.it/"><span style="color: #0000ff;"><strong>https://www.gruppoalpinibrunico.it/</strong></span></a>.</p>

<p>Santa Messa per la commemorazione dei Defunti Santa Messa a Gais Davanti alla capellina del castello Neuhaus verrà celebrata una</p>
